the remainder when 6073 is divided by 2016?
25
Calculate the remainder when 477870 is divided by 53096.
6
What is the remainder when 637 is divided by 79?
5
What is the remainder when 2190 is divided by 51?
48
What is the remainder when 18021 is divided by 689?
107
Calculate the remainder when 18238 is divided by 304.
302
What is the remainder when 747719 is divided by 1629?
8
What is the remainder when 21015 is divided by 33?
27
What is the remainder when 11295 is divided by 15?
0
What is the remainder when 10417 is divided by 548?
5
What is the remainder when 350806 is divided by 141?
139
What is the remainder when 19016 is divided by 16?
8
Calculate the remainder when 104331 is divided by 81.
3
What is the remainder when 119884 is divided by 53?
51
What is the remainder when 56290 is divided by 529?
216
What is the remainder when 153223 is divided by 25530?
43
What is the remainder when 4376 is divided by 1882?
612
Calculate the remainder when 1024 is divided by 159.
70
Calculate the remainder when 152831 is divided by 76.
71
What is the remainder when 119 is divided by 108?
11
What is the remainder when 674 is divided by 295?
84
What is the remainder when 114 is divided by 102?
12
Calculate the remainder when 34332 is divided by 34224.
108
What is the remainder when 115769 is divided by 38568?
65
What is the remainder when 3936 is divided by 71?
31
What is the remainder when 180406 is divided by 5?
1
What is the remainder when 26161 is divided by 171?
169
Calculate the remainder when 179270 is divided by 25610.
0
What is the remainder when 8302 is divided by 3?
1
What is the remainder when 179610 is divided by 14965?
30
Calculate the remainder when 68199 is divided by 336.
327
Calculate the remainder when 685920 is divided by 716.
708
What is the remainder when 221129 is divided by 1134?
1133
What is the remainder when 7683 is divided by 2204?
1071
What is the remainder when 1704 is divided by 139?
36
Calculate the remainder when 5291 is divided by 1752.
35
What is the remainder when 29729 is divided by 1143?
11
What is the remainder when 42429 is divided by 2495?
14
Calculate the remainder when 62190 is divided by 20718.
36
What is the remainder when 2064 is divided by 48?
0
Calculate the remainder when 49068 is divided by 41.
32
Calculate the remainder when 7371 is divided by 3393.
585
What is the remainder when 55959 is divided by 15?
9
What is the remainder when 336787 is divided by 139?
129
What is the remainder when 257392 is divided by 95?
37
What is the remainder when 39416 is divided by 9792?
248
Calculate the remainder when 45899 is divided by 806.
763
What is the remainder when 46237 is divided by 370?
357
Calculate the remainder when 2894 is divided by 419.
380
Calculate the remainder when 2292 is divided by 248.
60
Calculate the remainder when 5121 is divided by 109.
107
What is the remainder when 245 is divided by 76?
17
What is the remainder when 4126 is divided by 536?
374
What is the remainder when 8433 is divided by 524?
49
Calculate the remainder when 463495 is divided by 184.
183
What is the remainder when 998 is divided by 848?
150
What is the remainder when 85344 is divided by 97?
81
What is the remainder when 64395 is divided by 3576?
27
Calculate the remainder when 32913 is divided by 227.
225
What is the remainder when 26517 is divided by 632?
605
What is the remainder when 312657 is divided by 323?
316
What is the remainder when 125934 is divided by 1825?
9
Calculate the remainder when 186482 is divided by 12.
2
What is the remainder when 119053 is divided by 360?
253
What is the remainder when 65952 is divided by 98?
96
What is the remainder when 6878 is divided by 2290?
8
Calculate the remainder when 2708 is divided by 62.
42
Calculate the remainder when 19075 is divided by 1362.
7
What is the remainder when 878 is divided by 229?
191
What is the remainder when 78644 is divided by 629?
19
What is the remainder when 146816 is divided by 129?
14
What is the remainder when 7964 is divided by 320?
284
Calculate the remainder when 111 is divided by 50.
11
Calculate the remainder when 29948 is divided by 555.
533
Calculate the remainder when 375957 is divided by 11.
10
Calculate the remainder when 101137 is divided by 338.
75
Calculate the remainder when 18976 is divided by 241.
178
Calculate the remainder when 5419 is divided by 4314.
1105
Calculate the remainder when 23783 is divided by 61.
54
What is the remainder when 6371 is divided by 2?
1
What is the remainder when 2756014 is divided by 111?
106
What is the remainder when 231395 is divided by 74?
71
What is the remainder when 506 is divided by 250?
6
What is the remainder when 71638 is divided by 353?
332
Calculate the remainder when 38410 is divided by 198.
196
What is the remainder when 399206 is divided by 1021?
1016
What is the remainder when 48639 is divided by 95?
94
Calculate the remainder when 17274 is divided by 688.
74
Calculate the remainder when 603 is divided by 47.
39
What is the remainder when 4877 is divided by 4754?
123
Calculate the remainder when 59260 is divided by 1372.
264
Calculate the remainder when 1782 is divided by 12.
6
Calculate the remainder when 6653 is divided by 55.
53
Calculate the remainder when 2206866 is divided by 19.
16
Calculate the remainder when 2590 is divided by 2239.
351
Calculate the remainder when 9732 is divided by 1588.
204
Calculate the remainder when 47009 is divided by 275.
259
Calculate the remainder when 907 is divided by 811.
96
What is the remainder when 212053 is divided by 70676?
25
Calculate the remainder when 1221 is divided by 126.
87
Calculate the remainder when 1175452 is divided by 6.
4
Calculate the remainder when 14051 is divided by 238.
9
What is the remainder when 1543 is divided by 107?
45
What is the remainder when 2226 is divided by 186?
180
Calculate the remainder when 8038 is divided by 30.
28
Calculate the remainder when 3627 is divided by 566.
231
What is the remainder when 1038044 is divided by 176?
172
Calculate the remainder when 13207 is divided by 1288.
327
What is the remainder when 31040 is divided by 634?
608
What is the remainder when 16180 is divided by 233?
103
What is the remainder when 1389795 is divided by 106907?
4
What is the remainder when 104795 is divided by 2015?
15
What is the remainder when 39580 is divided by 153?
106
Calculate the remainder when 7548 is divided by 229.
220
Calculate the remainder when 656085 is divided by 8.
5
Calculate the remainder when 2287764 is divided by 31.
26
Calculate the remainder when 1814 is divided by 593.
35
What is the remainder when 2439 is divided by 125?
64
Calculate the remainder when 5417 is divided by 110.
27
Calculate the remainder when 5123 is divided by 1280.
3
Calculate the remainder when 425949 is divided by 54.
51
Calculate the remainder when 7018 is divided by 194.
34
What is the remainder when 156 is divided by 110?
46
What is the remainder when 3080 is divided by 234?
38
Calculate the remainder when 2542 is divided by 92.
58
What is the remainder when 5306 is divided by 338?
236
What is the remainder when 5417 is divided by 1711?
284
Calculate the remainder when 1472 is divided by 44.
20
What is the remainder when 104184 is divided by 115?
109
What is the remainder when 6119 is divided by 6108?
11
Calculate the remainder when 43572 is divided by 2073.
39
What is the remainder when 1172 is divided by 13?
2
Calculate the remainder when 3333 is divided by 214.
123
What is the remainder when 82813 is divided by 774?
769
What is the remainder when 60583 is divided by 99?
94
What is the remainder when 31309 is divided by 4472?
5
Calculate the remainder when 626816 is divided by 23.
20
Calculate the remainder when 25594 is divided by 6389.
38
Calculate the remainder when 146927 is divided by 973.
4
What is the remainder when 2720 is divided by 119?
102
Calculate the remainder when 32973 is divided by 1061.
82
What is the remainder when 4924 is divided by 62?
26
Calculate the remainder when 2137 is divided by 2133.
4
Calculate the remainder when 15971 is divided by 191.
118
What is the remainder when 114064 is divided by 305?
299
What is the remainder when 7559 is divided by 3752?
55
Calculate the remainder when 3237 is 